mmon factor of 796 and 5582348.
796
What is the greatest common factor of 130116 and 8?
4
Calculate the greatest common divisor of 4320 and 10620.
180
What is the greatest common factor of 4 and 437583?
1
What is the highest common divisor of 1903 and 2365?
11
Calculate the greatest common factor of 434380 and 296.
148
What is the highest common factor of 87 and 9117?
3
Calculate the greatest common divisor of 440 and 274450.
110
What is the highest common factor of 42 and 12873?
21
Calculate the highest common factor of 35927 and 814.
37
What is the greatest common factor of 19684 and 410256?
1036
Calculate the highest common factor of 40260 and 924.
132
Calculate the highest common factor of 3011480 and 953.
953
What is the highest common divisor of 35686 and 1162?
14
What is the greatest common divisor of 250 and 12566?
2
Calculate the greatest common divisor of 36076 and 1972.
116
What is the highest common divisor of 44570 and 16?
2
What is the greatest common factor of 106 and 75419?
53
Calculate the highest common divisor of 19551 and 171.
57
Calculate the greatest common factor of 76703 and 7733.
209
Calculate the highest common factor of 190259 and 61.
61
What is the greatest common divisor of 260568 and 1540?
308
What is the greatest common divisor of 645 and 247680?
645
Calculate the greatest common divisor of 286 and 1166.
22
What is the highest common divisor of 962 and 9958?
26
What is the greatest common divisor of 755 and 6946?
151
What is the highest common divisor of 28375 and 875?
125
Calculate the highest common divisor of 342 and 100638.
18
What is the highest common factor of 62087 and 1?
1
Calculate the highest common divisor of 25330 and 1192.
298
What is the greatest common factor of 2413711 and 1394?
697
Calculate the greatest common divisor of 10 and 46485.
5
Calculate the highest common divisor of 1848 and 9075.
33
Calculate the highest common factor of 1177 and 143.
11
Calculate the highest common divisor of 3715 and 115.
5
What is the highest common factor of 49851 and 4959?
261
What is the greatest common divisor of 153 and 96093?
9
Calculate the highest common factor of 1656 and 23904.
72
Calculate the greatest common divisor of 1662 and 306.
6
Calculate the highest common divisor of 2891 and 24898.
59
What is the greatest common factor of 7218 and 450724?
802
What is the greatest common divisor of 9 and 2378466?
9
What is the greatest common factor of 138 and 3561?
3
Calculate the greatest common factor of 291 and 147.
3
What is the greatest common factor of 12756 and 108?
12
What is the highest common factor of 92 and 110446?
46
What is the highest common divisor of 2170339 and 731?
731
What is the highest common factor of 6058 and 416?
26
What is the greatest common divisor of 36 and 102186?
18
Calculate the highest common divisor of 7800664 and 8.
8
Calculate the greatest common factor of 16623 and 252.
9
Calculate the highest common factor of 786330 and 27.
9
What is the highest common divisor of 3856 and 1545292?
964
What is the highest common divisor of 200014 and 776?
194
Calculate the greatest common factor of 1343646 and 5814.
306
What is the greatest common factor of 5076 and 14472?
108
Calculate the greatest common divisor of 1124825 and 65.
65
What is the greatest common factor of 21 and 2865513?
21
What is the greatest common divisor of 82033 and 21?
7
Calculate the greatest common factor of 816 and 349104.
48
Calculate the highest common factor of 876 and 38325.
219
What is the greatest common divisor of 168 and 268968?
168
Calculate the highest common factor of 104931 and 12549.
267
Calculate the greatest common divisor of 192 and 381.
3
What is the highest common factor of 2415 and 30705?
345
Calculate the highest common divisor of 760 and 6040.
40
Calculate the highest common divisor of 26057 and 85511.
367
What is the greatest common divisor of 56 and 156100?
28
What is the greatest common factor of 11109 and 399?
21
Calculate the highest common factor of 28395 and 180.
45
Calculate the greatest common divisor of 246 and 850299.
123
What is the highest common factor of 682 and 269731?
341
What is the highest common divisor of 373323 and 321?
321
Calculate the highest common divisor of 34375 and 55.
55
Calculate the greatest common factor of 196926 and 92.
46
Calculate the highest common divisor of 44 and 24002.
22
Calculate the highest common divisor of 176 and 312336.
16
Calculate the greatest common factor of 434286 and 322.
46
What is the highest common divisor of 468 and 1077180?
156
Calculate the highest common divisor of 912 and 6480.
48
Calculate the greatest common factor of 4758486 and 948.
474
What is the highest common divisor of 627 and 617177?
209
What is the highest common factor of 10976 and 13216?
224
Calculate the highest common divisor of 1250 and 8150.
50
What is the highest common divisor of 5468750 and 350?
350
What is the greatest common factor of 42 and 9692214?
42
What is the highest common divisor of 779 and 587366?
779
What is the highest common factor of 19332 and 4716?
36
Calculate the highest common divisor of 31561 and 1739.
37
Calculate the highest common divisor of 2132288 and 32.
32
What is the greatest common factor of 19100 and 650?
50
What is the greatest common factor of 5698 and 56?
14
Calculate the highest common divisor of 119625 and 375.
375
What is the highest common factor of 6627 and 9?
3
Calculate the greatest common divisor of 308257 and 281.
281
Calculate the greatest common divisor of 60620 and 35.
35
What is the highest common divisor of 15 and 2765265?
15
What is the highest common factor of 2329 and 799?
17
What is the highest common divisor of 45904 and 912?
304
What is the greatest common factor of 261381 and 906?
453
Calculate the highest common factor of 2040988 and 4.
4
What is the highest common factor of 207276 and 1104?
276
What is the greatest common divisor of 3696 and 1597904?
1232
Calculate the highest common factor of 16916 and 3.
1
Calculate the highest common divisor of 2596 and 4004.
44
Calculate the highest common factor of 297407 and 19.
19
Calculate the greatest common factor of 135 and 96505.
5
Calculate the highest common divisor of 82 and 2465207.
41
Calculate the highest common factor of 9106 and 22294.
314
Calculate the highest common factor of 1402075 and 425.
425
Calculate the greatest common divisor of 80 and 635.
5
What is the highest common factor of 3188100 and 2400?
300
Calculate the highest common factor of 14370 and 190.
10
Calculate the greatest common factor of 41602 and 704.
22
What is the greatest common divisor of 315 and 6156045?
315
What is the greatest common divisor of 66 and 618717?
33
Calculate the highest common factor of 352 and 608.
32
What is the highest common factor of 50496 and 444?
12
What is the greatest common divisor of 1631 and 6291?
233
Calculate the highest common factor of 37595 and 11639.
103
Calculate the greatest common factor of 85952 and 464.
16
What is the greatest common divisor of 114 and 99313?
19
What is the greatest common factor of 4520358 and 558?
558
What is the highest common divisor of 6901 and 12669?
103
Calculate the highest common factor of 6362 and 2.
2
Calculate the greatest common factor of 35697 and 2774.
73
Calculate the highest common factor of 108 and 1868364.
36
Calculate the greatest common divisor of 99 and 16115.
11
Calculate the highest common factor of 33 and 11769.
3
Calculate the greatest common divisor of 284999 and 1144.
143
Calculate the highest common factor of 49110 and 90.
30
Calculate the greatest common factor of 453689 and 631.
631
Calculate the highest common factor of 2514 and 1026.
6
Calculate the highest common divisor of 1839123 and 5716.
1429
What is the greatest common divisor of 155531 and 172?
43
What is the greatest common divisor of 70975 and 119?
17
Calculate the highest common divisor of 833 and 17.
17
Calculate the highest common divisor of 24 and 9399.
3
Calculate the highest common factor of 377 and 3585647.
377
Calculate the greatest common factor of 108930 and 60.
30
What is the greatest common divisor of 2289 and 399?
21
What is the greatest common factor of 3050 and 45?
5
What is the highest common factor of 330 and 15